. Let w(o) = 4*o + 2. Let i(q) = 9*q + 5. Let v(l) = 3*i(l) - 7*w(l). Calculate v(h).
-3
Let s be 2/(1/1*1). Let x(m) = m**3 + m**2 - 5*m - 3. Let i(q) = q**3 + q**2 - 4*q - 2. Let k(y) = -4*i(y) + 3*x(y). Calculate k(s).
-11
Let d(x) = 8*x**2 + x. Let r(j) = -j + 2. Let w be r(0). Suppose 2 = -2*z - w. Let k be ((-1)/z)/((-3)/(-6)). Determine d(k).
9
Let n(d) be the third derivative of -d**5/120 - d**4/12 - d**3/2 + 2*d**2. Let q(l) be the first derivative of n(l). Calculate q(-2).
0
Let t(w) = -w + 1. Let j(r) = -r**3 - 9*r**2 + 9*r - 14. Let i be j(-10). Give t(i).
5
Let d(f) = -9*f**2 + 3*f + 9. Suppose -u + 5 = -3*w, 5*w - u + 3 + 8 = 0. Let z(l) = -4*l**2 + 2*l + 4. Let s(y) = w*d(y) + 7*z(y). Calculate s(5).
1
Let m(u) be the third derivative of u**4/12 - u**3/3 + 49*u**2. What is m(-1)?
-4
Let r be (-4)/(-22) - 124/(-44). Suppose -2*m = -5*c - 4 - 0, 5*c - r*m = -1. Let d be (-4 - -4)*c/4. Let f(w) = -w**2 - w + 8. Determine f(d).
8
Let s(c) be the third derivative of 0*c**3 + 0 + 0*c + 5/24*c**4 + 2*c**2. Let w = -18 - -17. Calculate s(w).
-5
Let y(r) be the third derivative of 0*r + 1/6*r**4 + 0*r**3 + 0 - r**2. Let x be (-4 + 0 - -1) + 4. Determine y(x).
4
Let t(g) = g**2 + 3*g - 4. Let v be (-4)/14 - (-165)/(-35). Determine t(v).
6
Let s(i) = -11*i - 6. Let a(x) = 7*x + 4. Let h(g) = -8*a(g) - 5*s(g). Calculate h(5).
-7
Let r(m) = -m**2 + 10*m - 7. Let h be (6/6)/((-1)/(-8)). Give r(h).
9
Let g = 12 + -9. Suppose 0 = 3*p + r - 13, -23 + g = 4*r. Let f(d) = -d**3 + 7*d**2 - 6*d - 7. Give f(p).
-7
Let v(f) = f**3 - 3*f**2 - 2*f + 2. Let t be (-62)/155 + ((-48)/(-10))/2. What is v(t)?
-6
Let v(l) = l**2 + 3*l - 3. Suppose -2*m - 8 + 30 = 0. Suppose m = -3*z - 4. Let p be (-3)/((-9)/3) + z. Calculate v(p).
1
Let u(l) = l**2 - 5*l + 6. Suppose -3*o + 5 = -4*s + 31, s - 3*o = 11. What is u(s)?
6
Suppose s - 3 = -0*s. Let o(z) = 5*z**2 - 10*z**3 - 2*z**2 - s*z**2 + 1 - 2*z**2. Give o(-1).
9
Let d(v) = -4*v**2 - v. Let p = -38 - -37. What is d(p)?
-3
Let i(d) = -d - 2. Let w(j) = 3*j - 6*j - 5 - 2*j + 3*j. Let a(b) = -5*i(b) + 2*w(b). Determine a(4).
4
Let i(g) = -12*g + 1. Let f be 1 + 3/(-5) + (-12)/(-20). Calculate i(f).
-11
Let i(h) be the first derivative of -h**3/3 + h**2 + 4*h - 3. Let r(l) = l**3 + 2*l**2 - 4*l. Let z be r(-3). What is i(z)?
1
Let n(h) = -4*h - h + 1 - 2. Give n(-1).
4
Let y(h) = -h + 4. Let n(m) = -3*m - 2. Let d be n(-3). Let z be y(d). Let p(s) = -s**2 - 2*s - 3. Let q be p(z). Let l(r) = -r - 5. Calculate l(q).
1
Let i be ((-6)/(-4))/((-9)/(-108)). Let r = i - 17. Let s(c) = -c. Give s(r).
-1
Let f(j) = j - 8. Suppose -6*w = -11*w + 20. What is f(w)?
-4
Let d(p) = 0 - 64*p**2 + 3*p - p**3 + 3 + 68*p**2. Let v be (-5)/1*(0 - 1). Determine d(v).
-7
Let i(k) = 3*k**2 - 5*k**3 + 1 + 2*k**2 + 4*k + 6*k**3. Let u(o) be the second derivative of -o**3/6 + 2*o**2 + o. Let q be u(7). Give i(q).
7
Suppose -62*l = -66*l. Let z(f) = f**2 - f - 13. What is z(l)?
-13
Let u = -11 + 16. Let i(v) = -10*v**2 - 2 - 2 + 9*v**2 + 5*v. What is i(u)?
-4
Let k be -20 + 18 + -1 + 1. Let o(v) = -2*v**3 + v. Give o(k).
14
Let x(t) = 3*t + 1. Let h = -72 + 73. Determine x(h).
4
Let k(u) be the second derivative of u**5/20 + u**4/4 - u**3 - 3*u**2 - 33*u. Determine k(-4).
2
Suppose -5*s - 25 + 10 = 0. Let n(m) be the second derivative of -m**5/20 - m**4/6 + m**3/2 + 3*m**2/2 + m. Calculate n(s).
3
Let a(p) = -6*p**2 + 2*p. Let g(o) = -2*o**2 - 2*o + 5. Let u(f) = -f**2 - f + 2. Let i(j) = 2*g(j) - 5*u(j). Let k(t) = a(t) + 5*i(t). Give k(6).
6
Suppose 2*h = h + 3. Let u(c) = -3 + 3 + c**3 + 3*c**2 - h*c. Calculate u(-4).
-4
Let s = 4 + -1. Let f(j) = -5*j**s + 3*j**3 + j**2 + 3 + 2*j**2 + j**3. Give f(3).
3
Let m(h) be the second derivative of -h**3/6 + h**2/2 + 17*h. Determine m(2).
-1
Suppose 5 = -6*y + 7*y. Suppose 6 = -y*q - 4. Let w(l) = -2*l**2 - 3*l. Give w(q).
-2
Let o(a) = a**3 + 6*a**2 - 7*a - 3. Suppose 6*t + 29 + 13 = 0. Determine o(t).
-3
Let p(v) be the first derivative of 5*v**3/3 - v**2/2 - v - 3. Give p(-1).
5
Let x be 4/(-18) - (-104)/(-18). Let b(i) = -i**3 - 5*i**2 + 8*i + 8. Give b(x).
-4
Let f(s) = s + 1. Let l(b) = -3*b - 9. Let d(u) = 4*f(u) + l(u). What is d(6)?
1
Let m(i) be the first derivative of -2 + 7/2*i**2 + 0*i. Let x be (2 + -1)*(-1)/(-1). Determine m(x).
7
Suppose 3*a + 0 = -15. Let x = a + 8. Let k(p) = -p**3 + 3*p**2 + 2. Determine k(x).
2
Let y(t) = -t**3 + t**2 - 4*t + 3. Let x be 141/12 - 5/(-20). Let a be (-48)/(-27) - x/(-54). Give y(a).
-9
Let r(d) = -3*d + 7*d + 2*d + 1. What is r(1)?
7
Suppose 0 = 6*q + 2*q + 48. Let g(z) = z**3 - 4*z - z**3 + 5*z**2 + 4 + z**3. What is g(q)?
-8
Let d = -5 + 18. Let y = d + -9. Let o(m) = -m**2 + 5*m. Give o(y).
4
Let x(c) = -c + 1. Let j(k) = 21*k - 4. Let v(f) = -j(f) - 3*x(f). What is v(1)?
-17
Let g(q) be the second derivative of 3*q + 1/720*q**6 + 0*q**5 + 1/4*q**4 + 0*q**3 + 0*q**2 + 0. Let n(s) be the third derivative of g(s). Determine n(-4).
-4
Let t(g) = -g**3 + g**2 + 2*g - 3. Let x(a) = -2*a - 9. Let i be x(-6). Suppose i = -3*r + j + 6, 21 = 3*r + 5*j. Calculate t(r).
-3
Let b(k) = k**3 - k**2 + k - 1. Let z = -8 + 10. Let w be b(z). Let n(v) = -v**2 + 4*v + 1. What is n(w)?
-4
Let q(h) = h**3 - 3*h**2 - 6*h + 5. Let p = 11 - -3. Let z = p - 10. Calculate q(z).
-3
Let b(u) = u**2 - 2*u + 2. Suppose 3*z + 9 = 0, -4*z - 22 = -3*v - 4. Suppose -4*s + 2*n = -0*s - 24, v*n = -8. Calculate b(s).
10
Let r(p) = p**2 - 3*p. Suppose -u + 6 = -3*z - 4*u, 0 = z + 3*u + 12. What is r(z)?
0
Let i = 291 - 111. Suppose 5*b + 2*g = -i, 5*g + 97 = -4*b - 47. Let n be 8/(-20) + b/10. Let r(d) = 2*d + 2. Determine r(n).
-6
Let f(x) = -x**3 + 3*x**2 + 6*x - 3. Let s be f(4). Let h be 12/(-18)*(-1 - s). Let m(z) = -4*z**3 - z - h*z**3 + z**3 + 0*z. What is m(-1)?
8
Suppose -8*u + 3 + 13 = 0. Let p be 2/(-3)*(-6)/4. Let m(o) = 1 - 1 + p + 5*o. Give m(u).
11
Let x(t) = -t**3 + t**2 - t + 10. Let n be (-34)/(-10) - (-4)/(-10). Suppose 5*z = -2*d + 5, n*z - 14 = -0*d + d. Let g = z + -3. Calculate x(g).
10
Let m(d) = 5*d**3. Let f be (-6)/(-9)*(1 + 10/(-4)). Give m(f).
-5
Let d(i) = -2*i - 27. Let k be d(-15). Let o(r) be the second derivative of 5/2*r**2 - 5/12*r**4 + 0*r**3 + k*r + 1/20*r**5 + 0. What is o(5)?
5
Let b(r) = -2*r - 1. Suppose 5*v + 4*t = 7*t + 16, -2*t - 4 = 0. Suppose -v*p = -p + 3. Calculate b(p).
5
Let h(g) be the third derivative of g**5/15 - g**4/8 + g**3/3 - g**2. Let f be 1/(5/(15 - 5)). Give h(f).
12
Let j(g) = -4*g**2 - 2*g - 1. Let q = -6 - 0. Let p be (-2 - q/4)*0. Let z be -1 - p*(-3)/(-6). Give j(z).
-3
Let j(p) = p**2 - 4*p - 4. Let r(s) = 2*s**2 + 6*s - 8. Let z be r(-8). Suppose -3*i + z = -i. Let d be 6/15 + i/10. Give j(d).
-4
Let b(i) = i**2 + 7*i. Suppose 5 = w - 2*w. Calculate b(w).
-10
Let a(i) = 4*i**2 + 2*i - 1. Let g be a(1). Let x(o) = 9*o - 6. Let d(q) = -8*q + 6. Suppose 9 = -3*r - 9. Let h(l) = r*d(l) - 5*x(l). What is h(g)?
9
Let x be (2 - 1)*(5 - 2). Let f(q) = -3*q + 1 - 3*q**2 - 3 + x + 2*q**2. Calculate f(-5).
-9
Let h(y) = -y - 10. Let v be h(-10). Let i(u) be the third derivative of 3*u**2 - 2/3*u**3 + 1/12*u**4 + v + 0*u + 1/30*u**5. Calculate i(-3).
8
Let r(v) be the third derivative of 1/120*v**6 - 1/20*v**5 + 2*v**2 - 1/24*v**4 + 0*v + 1/3*v**3 + 0. Suppose 4*g = -g + 15. Give r(g).
-1
Let h(s) = -5 - 2*s + 2 - 7. Calculate h(-9).
8
Let l(k) = 6*k**2 + 3*k + 11. Let q(s) = 7*s**2 - 4*s - 1. Let j(f) = -6*f**2 + 3*f. Let b(z) = -5*j(z) - 4*q(z). Let v(c) = 17*b(c) - 6*l(c). What is v(-2)?
-4
Let h(w) = -5*w**2 - 7*w + 7*w**2 - 5 - 2 - 3*w**2. Give h(-5).
3
Let v(o) = -o**3 - o**2 + o + 1. Suppose -16 = -p - 4*s + 2*s, 4*p - s - 37 = 0. Suppose -5*q = -3*d + p, 2 = -q + 3*d - 2*d. Give v(q).
3
Suppose k = 3*k - 12. Let g be 6/(-1 - 2/(-8)). Let y = g + k. Let c(b) = b**3 + 3*b**2 + b + 2. What is c(y)?
4
Let w(c) = 65*c**3 - 3*c + 3*c**2 + 3*c**2 + 2 - 66*c**3. Determine w(6).
-16
Let f(d) = 9*d - 3. Let t(i) = -1. Let c(r) = -f(r) + 2*t(r). Let s be -6*((-10)/(-3))/(-2). Suppose 8 - s = 2*a. Calculate c(a).
10
Let r(w) = -5*w + 6 + 2*w + 2*w. Let o = -3 + 8. Calculate r(o).
1
Let v(w) = -w. Suppose -4*b - 3*b + 56 = 0. What is v(b)?
-8
Let b(g) be the third derivative of 2*g**2 + 0*g + 0 + g**3 - 1/6*g**4 + 1/60*g**